ne b(a).
-23
Let s = -634 + 635. Let c(u) = 12*u**2 + u - 1. Calculate c(s).
12
Let o(y) = y**2 - 2*y - 1. Let r(s) = s**2 - s. Let d be (0 - 3) + -8 + 8. Let h(q) = d*o(q) + 2*r(q). Determine h(6).
-9
Let l = -898 - -898. Let h(n) = 2*n**3 + n - 8. Let b(j) = -3*j**3 - 2*j + 15. Let k(z) = 3*b(z) + 5*h(z). Determine k(l).
5
Let n be (3 - 12) + 6 - -4 - 7. Let h(s) = -s**3 - 7*s**2 - 5*s + 12. Determine h(n).
6
Suppose -1 = -5*n + 4*p, 5*n + 2*p - 7 = -0*p. Let o(z) = 0 - 1 + 1 + 4*z - n. Calculate o(1).
3
Let a(f) be the third derivative of 0*f + 0 - 13/24*f**4 + 1/6*f**3 - 27*f**2. Give a(-1).
14
Let c = 33 - 34. Let k(u) = -15*u - 1. Give k(c).
14
Suppose 5*z = 2*z. Suppose a = -z*a. Let t(v) = 3 - v + 0 + a*v. Calculate t(2).
1
Let m(f) = -5 + 55*f**2 - 108*f**2 + 7*f + 2 + 54*f**2 - 5. Let o be (5/(-2) + 2)*12. Give m(o).
-14
Let d(r) = -r**3 - 3*r**2 + 2. Suppose 5*t = 4*p - 11, t = -5*p - 11 + 3. Let i be d(t). Let x(c) = c**2 + i*c**2 - 2*c**2. Determine x(-1).
1
Let v(j) = 6*j**3 - 2*j**2 + 2*j - 1. Let k be 5 - (8 - -6) - -10. Calculate v(k).
5
Suppose -29*y + 27*y = -8. Let g(a) = -3*a + 5. Calculate g(y).
-7
Let r(i) = i + 1. Let p(n) = -6 + 2*n + 0 - 30. Let c be p(17). Determine r(c).
-1
Let t(l) = l**2 + 0*l**2 - 2*l + 1 + 7*l. Suppose 4*n + 28 = -2*s, -10 + 16 = s - 2*n. Calculate t(s).
-3
Let v(h) = -7*h**3 + 32*h**2 + 5*h - 96. Let t(a) = -4*a**3 + 17*a**2 + 2*a - 53. Let q(u) = -9*t(u) + 5*v(u). Let s = -14 + 8. Calculate q(s).
-9
Let k(a) be the third derivative of 0*a + 1/120*a**6 + 1/6*a**3 + 0*a**4 - 2 - 1/60*a**5 + 9*a**2. Calculate k(0).
1
Let m(c) = -c**2 + 10*c - 4. Let w be m(7). Let p = w + -12. Let z(n) = 17 + 4*n - 6*n - 16 - p*n. Give z(2).
-13
Let b be (-3)/(4*1/12). Let n(s) = -s**3 - 5 - 8*s**2 + 8*s + 4 - 4. What is n(b)?
4
Let v(w) = w - 1. Let r(s) = -6*s + 10. Let z(x) = -2*r(x) - 10*v(x). Let f be z(9). Let j(h) = 3 - 3*h + 0 + h**2 - f - h. Give j(4).
-5
Let d(v) = -5*v**3 - 4*v**2 + 2*v - 3. Let j(r) = -r**3 + r**2 - r - 1. Let c(b) = -d(b) + 4*j(b). What is c(-8)?
47
Let p = -28 + 51. Let i(c) = -13 + 6*c - 7*c**2 + 24*c**3 + 4 - p*c**3. Suppose -2*a + 12 = -0*a. Give i(a).
-9
Let h(t) = -6*t - 15. Suppose -213 - 677 = 89*a. Determine h(a).
45
Let k(w) = -3*w**2 - 1. Let v = 47 + -43. Suppose 2*y + 2 - v = 0. What is k(y)?
-4
Suppose -2*t + 134 - 20 = 0. Let k = t - 57. Let g(i) = i**2 + 3*i - 7 - 3*i - i. Calculate g(k).
-7
Let h(p) = 567 - 282 + p**2 - 3*p**2 - 22*p**3 + 0*p**3 - 284. Determine h(1).
-23
Suppose -6 = -3*p - 0. Let w(k) be the second derivative of 1/6*k**3 + 0 + 5*k + 2*k**p. Determine w(-4).
0
Let y(o) = -39 - 15*o**2 + 10*o**2 - 3*o + 5 + 3*o**2 + 3*o**2. Calculate y(7).
-6
Let w = -2014 - -2015. Let x(b) be the second derivative of 2*b**3/3 - b**2/2 - b. Give x(w).
3
Let n(p) = -12*p - 28. Let w be n(8). Let s = 118 + w. Let o(q) = -q - 8. What is o(s)?
-2
Let y(a) be the first derivative of a**3/3 - 2*a**2 - a + 293. What is y(4)?
-1
Let x(b) = 3*b**2 - b - 4. Let p be x(-3). Let j(q) = 9*q - 24 + p - q**2 - 10. Give j(9).
-8
Suppose -6*d - 15 = -3*d, -3*d = 4*p + 7. Let h be 4/(-14) + (-23)/(-7). Let r(j) = 172 - 2*j + h*j - 174. Give r(p).
0
Suppose -22*o + 51 - 205 = 0. Let f(m) = m**3 + 6*m**2 - 10*m - 5. What is f(o)?
16
Let n(u) = -5*u**2 + u + 6. Let d(g) = -4*g**2 + g + 5. Let v(o) = 6*d(o) - 5*n(o). Suppose -5*y = -2*m - 16, 4*m - 3 = y + 1. What is v(m)?
6
Let i = -1 - 2. Suppose 11 = 4*x - t + 1, 3*x - 2*t = 10. Let j(z) = -3*z + z + 3*z - z**3 - 2*z - 4*z**x. Calculate j(i).
-6
Let d(x) = 20 - 12 + 5*x - 9 - 1 - 4*x. Let b be (-73)/(-4) + (-2)/8. Suppose 2*h + h = -b. Calculate d(h).
-8
Let s(i) = i + 3. Let h be s(-7). Let v(m) = -m**3 - 5*m**2 - 4*m - 6. Let x be v(h). Let y(o) = -14 + 2*o + 34 - 7 - 6 - o. What is y(x)?
1
Let o be 712/44 - 4/22. Let a be (-2)/(-6) + o/6. Let f(c) = -2 + 0*c - 3*c - c + a*c. Give f(5).
-7
Let i(a) be the third derivative of -a**5/30 + a**4 + a**3/6 - 181*a**2. What is i(12)?
1
Let t(b) = -b**2 + 14*b - 25. Suppose -22*a + 100 = -12*a. What is t(a)?
15
Let y = 15 - 12. Let w = y + 0. Let p be (w/2)/((-18)/(-60)). Let d(t) = t - 1. Determine d(p).
4
Let s(t) = 6 - 7 + 2 + 22*t**2 - 2 + 32*t**2. Give s(1).
53
Let w(o) = 18*o**3 - 5*o**2 - 10*o - 9. Let k(f) = f**2 + 2*f + 2. Let a(u) = 4*k(u) + w(u). Suppose 3*h + 5 = 2. Give a(h).
-18
Suppose 2*i - 4*u - 20 = 0, 2*u - 5*u - 15 = 3*i. Let l(n) = -1 - 1 + 3 + n + i. Let b be ((-20)/6)/((-4)/6). Calculate l(b).
6
Let k(y) = -y**3 - 5*y**2 + 2*y + 3. Suppose 0 = -u - 3*u - 68. Let l(b) = -b**3 - 17*b**2 - 5. Let t be l(u). Calculate k(t).
-7
Let h(j) be the first derivative of -j**2/2 + 5*j + 568. What is h(1)?
4
Let p(u) = -u**2 - 4. Suppose f - 7 = -4. Calculate p(f).
-13
Let c(w) be the second derivative of w**5/20 + 2*w**4/3 - 4*w**3/3 + 6*w**2 + 330*w. Give c(-9).
3
Let m(w) = -3*w - 28. Let k be (5/5)/(-1)*9. Give m(k).
-1
Suppose 2*t - 3*m = 13, t = m + m + 7. Suppose -t = 4*x - 9*x. Let w be 0 + -2 - x - 3. Let u(k) = -k**3 - 6*k**2 - 5. Give u(w).
-5
Let m(z) be the first derivative of -z**4/12 + z**3/2 + 5*z**2 + 12. Let u(p) be the second derivative of m(p). Let c be (6/(-4))/((-1)/(-2)). Calculate u(c).
9
Let r(l) = l**3 - 49*l**2 - l + 49. Let j be r(49). Let o(a) = a**3 - a**2 + 38. Determine o(j).
38
Let m(b) = 3*b + 1. Let t(r) = r. Let d(c) = -3*m(c) + 5*t(c). Let a be 2 - 18*(3 - 4). Suppose -2*l - 5*q = a, -3*l + 5*q - 9 = 2*q. What is d(l)?
17
Let p(o) be the third derivative of o**6/120 + o**5/12 - o**4 + 2*o**3/3 + 48*o**2 + 6. Give p(-8).
4
Let q(m) be the second derivative of m**4/2 - m**3/6 + 2*m. Let u(g) = g**3 - 13*g**2 + 22*g + 2. Let a be u(11). Determine q(a).
22
Let m(x) = x**2 + 2*x - 18. Let p(l) = -50*l + 244. Let s be p(5). Determine m(s).
6
Suppose -3*j = -16 + 1. Let g(q) = -j*q + 11*q - 4*q + 2 - q. Let c(f) = 2*f + 28. Let x be c(-14). Calculate g(x).
2
Let w = -28 + 57/2. Let m(f) be the second derivative of -w*f**2 + 7*f - 5/6*f**3 + 0. Calculate m(-1).
4
Let j(k) be the third derivative of -k**7/1260 - k**6/80 - k**5/60 + k**3/3 - 40*k**2. Let t(o) be the third derivative of j(o). What is t(-6)?
15
Let l(c) = c**3 + 8*c**2 - 2*c - 17. Let o be l(-8). Suppose -z - t + 11 = 2*z, t + 1 = z. Let v(j) = -50*j + 49*j - z*j**2 + 2*j**2. Determine v(o).
0
Let w(q) be the second derivative of -q**6/360 + q**5/60 + q**4/12 - q**3 + 13*q. Let y(b) be the second derivative of w(b). What is y(-3)?
-13
Suppose 0*k = 2*k - 6. Let s(i) = -23*i + i**2 - 3*i**2 + k*i**3 + 2*i**3 + 24*i. Calculate s(1).
4
Let b(o) be the second derivative of o**5/20 + o**4/12 - o**3/2 + 3*o**2/2 - 6*o. Determine b(2).
9
Suppose m = -v - v + 4, 5*m - 20 = 4*v. Let b(o) be the second derivative of -1/2*o**2 - 1/3*o**4 - 6*o + v*o**3 + 0. Calculate b(-1).
-5
Let h(c) = 200*c**2 - 1145 + 18*c + 1130 - 203*c**2. Give h(5).
0
Let c(x) = -x**2 + 8*x + 6. Let m(s) = -60 + 76 - s + 0*s. Let y be m(11). Give c(y).
21
Let i(j) be the first derivative of j**2/2 - 11*j + 32. Determine i(9).
-2
Suppose -4*p + 18 = -42. Let y(h) = 14 - p - 7*h + 0*h**2 - h**2. Calculate y(-6).
5
Let k(b) be the first derivative of 11 + 1/2*b**4 - 1/2*b**2 + 2/3*b**3 + 0*b. Determine k(-2).
-6
Let t = 496 + -473. Let b(n) = -2*n + 47. What is b(t)?
1
Let x(d) be the first derivative of -d**2 + 10*d + 88. What is x(8)?
-6
Let w(x) = x**2 + 11*x + 22. Let g(c) = -4*c**2 + 32*c - 10. Let s be g(8). Give w(s).
12
Suppose -3*c - 1 = -4*s + 11, 0 = -4*s - 12. Let r(a) = 5*a + 33. Give r(c).
-7
Let y(n) = -n**3 - 6*n**2 - 4*n. Suppose d - 3 = 1. Suppose -d*b + 2*t + 0 + 2 = 0, 5*b - 3*t = 3. Suppose b = -3*w - 0*w - 15. What is y(w)?
-5
Let w(s) = -2*s + 13. Let q be w(8). Let g(i) = 3*i + 4. Let n be g(q). Let t(l) = -2*l. Let x(v) = v. Let p(u) = 4*t(u) + 7*x(u). Determine p(n).
5
Let w(x) = x - 5. Let o(b) = b - 6. Let d(t) = 5*o(t) - 6*w(t). Let k be ((-27)/(-3))/(-3) + 12. Let p = k - 7. Determine d(p).
-2
Let x be (1/2 + 1)*2. Suppose -3*t + 3*j = -x - 0, 35 = 5*t + j. Let n(s) = -2*s + 5. Determine n(t).
-7
Let v(x) = -8*x + 12. Let c be v(-4). Let m = c + -34. Let f(p) = -p**2 + 12*p - 11. Determine f(m).
9
Let r(h) be the first derivative of -h**3 - 1 + 1/4*h**4 - h + 1/2*h**2. Let u be (8/(-20))/((-10)/75*